{"id":20,"date":"2018-10-18T14:26:39","date_gmt":"2018-10-18T12:26:39","guid":{"rendered":"http:\/\/buchverlag-reichel.de\/?page_id=20"},"modified":"2024-01-02T22:38:18","modified_gmt":"2024-01-02T21:38:18","slug":"kontakt","status":"publish","type":"page","link":"https:\/\/buchverlag-reichel.de\/?page_id=20","title":{"rendered":"Kontakt"},"content":{"rendered":"\n<p><\/p>\n\n\n\n<div class=\"wp-block-columns has-2-columns is-layout-flex wp-container-core-columns-is-layout-9d6595d7 wp-block-columns-is-layout-flex\">\n<div class=\"wp-block-column is-layout-flow wp-block-column-is-layout-flow\">\n<p><strong>Buchverlag Lothar Reichel<\/strong><br>Quellenweg 16<br>97464 Oberwerrn<\/p>\n\n\n\n<p>E-Mail: <a href=\"mailto:info@buchverlag-reichel.de\">info[at]buchverlag-reichel.de<\/a><\/p>\n<\/div>\n\n\n\n<div class=\"wp-block-column is-layout-flow wp-block-column-is-layout-flow\">\n<div class=\"wp-block-atomic-blocks-ab-accordion ab-block-accordion ab-font-size-18\"><details><summary class=\"ab-accordion-title\"><strong>Buchbestellungen<\/strong><\/summary><div class=\"ab-accordion-text\">\n<p>Unsere B\u00fccher erhalten Sie in jeder Buchhandlung. Sollte dies tats\u00e4chlich einmal nicht m\u00f6glich sein, k\u00f6nnen Sie gerne eine Anfrage zur Buchbestellung an unseren Verlag richten.&nbsp;<\/p>\n<\/div><\/details><\/div>\n\n\n\n<div class=\"wp-block-atomic-blocks-ab-accordion ab-block-accordion ab-font-size-18\"><details><summary class=\"ab-accordion-title\"><strong>Barsortimente<\/strong><\/summary><div class=\"ab-accordion-text\">\n<p>Unsere B\u00fccher werden \u00fcber die Barsortimente von Umbreit und Libri vertrieben.<\/p>\n<\/div><\/details><\/div>\n\n\n\n<div class=\"wp-block-atomic-blocks-ab-accordion ab-block-accordion ab-font-size-18\"><details><summary class=\"ab-accordion-title\"><strong>Manuskripte<\/strong><\/summary><div class=\"ab-accordion-text\">\n<p>Aktuell haben wir leider keine Kapazit\u00e4ten, fremde Texte zu ver\u00f6ffentlichen. Bitte sehen Sie daher davon ab, uns unaufgefordert Manuskripte zuzusenden.<\/p>\n<\/div><\/details><\/div>\n\n\n\n<p><br><\/p>\n<\/div>\n<\/div>\n\n\n\n<p><a href=\"https:\/\/buchverlag-reichel.de\/?page_id=158\">Impressum<\/a><\/p>\n","protected":false},"excerpt":{"rendered":"<p>Buchverlag Lothar ReichelQuellenweg 1697464 Oberwerrn E-Mail: info[at]buchverlag-reichel.de Buchbestellungen Unsere B\u00fccher erhalten Sie in jeder Buchhandlung. Sollte dies tats\u00e4chlich einmal nicht m\u00f6glich sein, k\u00f6nnen Sie gerne eine Anfrage zur Buchbestellung an unseren Verlag richten.&nbsp; Barsortimente Unsere B\u00fccher werden \u00fcber die Barsortimente von Umbreit und Libri vertrieben. Manuskripte Aktuell haben wir leider keine Kapazit\u00e4ten, fremde Texte zu &hellip;<\/p>\n","protected":false},"author":1,"featured_media":0,"parent":0,"menu_order":0,"comment_status":"closed","ping_status":"closed","template":"","meta":{"jetpack_post_was_ever_published":false,"footnotes":""},"class_list":["post-20","page","type-page","status-publish","hentry","post","without-featured-image"],"jetpack_sharing_enabled":true,"jetpack_shortlink":"https:\/\/wp.me\/Pan0Xj-k","jetpack-related-posts":[{"id":68,"url":"https:\/\/buchverlag-reichel.de\/?page_id=68","url_meta":{"origin":20,"position":0},"title":"Gl\u00fchweingiftBlacky und die Vergangenheit Schweinfurter\u2026","author":"bvreicheladmin","date":"23. Oktober 2018","format":false,"excerpt":"Gl\u00fchweingiftBlacky und die Vergangenheit Schweinfurter Kriminalroman 8220 Seiten, TaschenbuchISBN\u00a0978-3-947846-08-514,- EUR (D) Es ist Advent geworden in Schweinfurt. Auf dem Weihnachtsmarkt bricht eine Frau tot zusammen. Rasch verbreitet sich das Ger\u00fccht, sie sei an vergiftetem Gl\u00fchwein gestorben. Nicht ganz unschuldig daran S\u00f6ren Eckenstade, der \u00fcbereifrige Volont\u00e4r von Main-Radio Schweinfurt. W\u00e4hrenddessen wird\u2026","rel":"","context":"\u00c4hnlicher Beitrag","block_context":{"text":"\u00c4hnlicher Beitrag","link":""},"img":{"alt_text":"","src":"https:\/\/i0.wp.com\/buchverlag-reichel.de\/wp-content\/uploads\/2018\/10\/Schweinfurtkrimi-Glu%CC%88hweingift-Umschlag-2018-RGB.jpeg?resize=350%2C200&ssl=1","width":350,"height":200},"classes":[]},{"id":398,"url":"https:\/\/buchverlag-reichel.de\/?page_id=398","url_meta":{"origin":20,"position":1},"title":"Die Morata-Morde","author":"bvreicheladmin","date":"20. November 2025","format":false,"excerpt":"Die Morata-MordeLinda Morata ermittelt Schweinfurter Kriminalroman 11150 Seiten, TaschenbuchISBN 978-3-947846-11-512,- EUR (D) Eine bizarre Mordserie in Schweinfurt. Ein junges M\u00e4dchen, verkleidet als Weihnachtsengel, ist das erste Opfer. Am Neujahrsmorgen wird die zweite Leiche gefunden: ein alter Mann im Kost\u00fcm eines Kaminkehrers mit einem Marzipanschwein auf der Brust. Und am Dreik\u00f6nigstag\u2026","rel":"","context":"\u00c4hnlicher Beitrag","block_context":{"text":"\u00c4hnlicher Beitrag","link":""},"img":{"alt_text":"","src":"https:\/\/i0.wp.com\/buchverlag-reichel.de\/wp-content\/uploads\/2025\/11\/BLR_LM-1_Umschlag_promo2.jpg?resize=350%2C200&ssl=1","width":350,"height":200,"srcset":"https:\/\/i0.wp.com\/buchverlag-reichel.de\/wp-content\/uploads\/2025\/11\/BLR_LM-1_Umschlag_promo2.jpg?resize=350%2C200&ssl=1 1x, https:\/\/i0.wp.com\/buchverlag-reichel.de\/wp-content\/uploads\/2025\/11\/BLR_LM-1_Umschlag_promo2.jpg?resize=525%2C300&ssl=1 1.5x, https:\/\/i0.wp.com\/buchverlag-reichel.de\/wp-content\/uploads\/2025\/11\/BLR_LM-1_Umschlag_promo2.jpg?resize=700%2C400&ssl=1 2x, https:\/\/i0.wp.com\/buchverlag-reichel.de\/wp-content\/uploads\/2025\/11\/BLR_LM-1_Umschlag_promo2.jpg?resize=1050%2C600&ssl=1 3x, https:\/\/i0.wp.com\/buchverlag-reichel.de\/wp-content\/uploads\/2025\/11\/BLR_LM-1_Umschlag_promo2.jpg?resize=1400%2C800&ssl=1 4x"},"classes":[]},{"id":359,"url":"https:\/\/buchverlag-reichel.de\/?page_id=359","url_meta":{"origin":20,"position":2},"title":"Mondscheinsonate","author":"bvreicheladmin","date":"2. Dezember 2024","format":false,"excerpt":"MondscheinsonateBlackys letzter Fall Schweinfurter Kriminalroman 10236 Seiten, TaschenbuchISBN\u00a0978-3-947846-10-814,- EUR (D) Kurz nach ihrer Ernennung zur Leiterin der Schweinfurter Mordkommission wird auf Kriminalhauptkommissarin Kerstin Wei\u00df ein Anschlag ver\u00fcbt. Am gleichen Tag geschieht im Schweinfurter Theater ein bizarrer Mord. Der weltber\u00fchmte russische Pianist Swjatoslav G. Langowitz wird vor einem Konzertauftritt erstochen aufgefunden.\u2026","rel":"","context":"\u00c4hnlicher Beitrag","block_context":{"text":"\u00c4hnlicher Beitrag","link":""},"img":{"alt_text":"","src":"https:\/\/i0.wp.com\/buchverlag-reichel.de\/wp-content\/uploads\/2024\/11\/2024-11-23-Schweinfurtkrimi-Mondscheinsonate-Umschlag-2024-CMYK.jpg?resize=350%2C200&ssl=1","width":350,"height":200,"srcset":"https:\/\/i0.wp.com\/buchverlag-reichel.de\/wp-content\/uploads\/2024\/11\/2024-11-23-Schweinfurtkrimi-Mondscheinsonate-Umschlag-2024-CMYK.jpg?resize=350%2C200&ssl=1 1x, https:\/\/i0.wp.com\/buchverlag-reichel.de\/wp-content\/uploads\/2024\/11\/2024-11-23-Schweinfurtkrimi-Mondscheinsonate-Umschlag-2024-CMYK.jpg?resize=525%2C300&ssl=1 1.5x, https:\/\/i0.wp.com\/buchverlag-reichel.de\/wp-content\/uploads\/2024\/11\/2024-11-23-Schweinfurtkrimi-Mondscheinsonate-Umschlag-2024-CMYK.jpg?resize=700%2C400&ssl=1 2x, https:\/\/i0.wp.com\/buchverlag-reichel.de\/wp-content\/uploads\/2024\/11\/2024-11-23-Schweinfurtkrimi-Mondscheinsonate-Umschlag-2024-CMYK.jpg?resize=1050%2C600&ssl=1 3x, https:\/\/i0.wp.com\/buchverlag-reichel.de\/wp-content\/uploads\/2024\/11\/2024-11-23-Schweinfurtkrimi-Mondscheinsonate-Umschlag-2024-CMYK.jpg?resize=1400%2C800&ssl=1 4x"},"classes":[]},{"id":4,"url":"https:\/\/buchverlag-reichel.de\/?page_id=4","url_meta":{"origin":20,"position":3},"title":"Seite befindet sich im Aufbau.","author":"bvreicheladmin","date":"18. Oktober 2018","format":false,"excerpt":"Seite befindet sich im Aufbau.","rel":"","context":"\u00c4hnlicher Beitrag","block_context":{"text":"\u00c4hnlicher Beitrag","link":""},"img":{"alt_text":"","src":"","width":0,"height":0},"classes":[]},{"id":116,"url":"https:\/\/buchverlag-reichel.de\/?page_id=116","url_meta":{"origin":20,"position":4},"title":"HerbstzeitlosenBlacky blickt durch Schweinfurter Kriminalroman\u2026","author":"bvreicheladmin","date":"23. Oktober 2018","format":false,"excerpt":"HerbstzeitlosenBlacky blickt durch Schweinfurter Kriminalroman 6255 Seiten, TaschenbuchISBN\u00a0978-3-947846-06-114,- EUR (D) In Schweinfurt beginnt allm\u00e4hlich der Herbst, und Radiomoderator Christian \u201eBlacky\u201c Schwarz hat es erneut mit einem kniffligen Fall zu tun. Der Leiter der Mordkommis\u00adsion, Kriminalhauptkommissar Wolfram Bayer, und Kri\u00adminaloberkommissarin Kerstin Wei\u00df bitten ihn diskret um Mithilfe. Im Konferenzzentrum auf der\u2026","rel":"","context":"\u00c4hnlicher Beitrag","block_context":{"text":"\u00c4hnlicher Beitrag","link":""},"img":{"alt_text":"","src":"https:\/\/i0.wp.com\/buchverlag-reichel.de\/wp-content\/uploads\/2018\/10\/Cover_6_Herbstzeitlosen.jpg?resize=350%2C200&ssl=1","width":350,"height":200,"srcset":"https:\/\/i0.wp.com\/buchverlag-reichel.de\/wp-content\/uploads\/2018\/10\/Cover_6_Herbstzeitlosen.jpg?resize=350%2C200&ssl=1 1x, https:\/\/i0.wp.com\/buchverlag-reichel.de\/wp-content\/uploads\/2018\/10\/Cover_6_Herbstzeitlosen.jpg?resize=525%2C300&ssl=1 1.5x"},"classes":[]},{"id":26,"url":"https:\/\/buchverlag-reichel.de\/","url_meta":{"origin":20,"position":5},"title":"Jetzt erh\u00e4ltlich:Die Morata-Morde - Linda\u2026","author":"bvreicheladmin","date":"18. Oktober 2018","format":false,"excerpt":"Jetzt erh\u00e4ltlich:Die Morata-Morde - Linda Morata ermittelt Der 11. Band bringt eine neue Ermittlerin nach Schweinfurt... Mehr erfahren","rel":"","context":"\u00c4hnlicher Beitrag","block_context":{"text":"\u00c4hnlicher Beitrag","link":""},"img":{"alt_text":"","src":"https:\/\/i0.wp.com\/buchverlag-reichel.de\/wp-content\/uploads\/2025\/11\/BLR_LM-1_Umschlag_promo2.jpg?resize=350%2C200&ssl=1","width":350,"height":200,"srcset":"https:\/\/i0.wp.com\/buchverlag-reichel.de\/wp-content\/uploads\/2025\/11\/BLR_LM-1_Umschlag_promo2.jpg?resize=350%2C200&ssl=1 1x, https:\/\/i0.wp.com\/buchverlag-reichel.de\/wp-content\/uploads\/2025\/11\/BLR_LM-1_Umschlag_promo2.jpg?resize=525%2C300&ssl=1 1.5x, https:\/\/i0.wp.com\/buchverlag-reichel.de\/wp-content\/uploads\/2025\/11\/BLR_LM-1_Umschlag_promo2.jpg?resize=700%2C400&ssl=1 2x, https:\/\/i0.wp.com\/buchverlag-reichel.de\/wp-content\/uploads\/2025\/11\/BLR_LM-1_Umschlag_promo2.jpg?resize=1050%2C600&ssl=1 3x, https:\/\/i0.wp.com\/buchverlag-reichel.de\/wp-content\/uploads\/2025\/11\/BLR_LM-1_Umschlag_promo2.jpg?resize=1400%2C800&ssl=1 4x"},"classes":[]}],"_links":{"self":[{"href":"https:\/\/buchverlag-reichel.de\/index.php?rest_route=\/wp\/v2\/pages\/20","targetHints":{"allow":["GET"]}}],"collection":[{"href":"https:\/\/buchverlag-reichel.de\/index.php?rest_route=\/wp\/v2\/pages"}],"about":[{"href":"https:\/\/buchverlag-reichel.de\/index.php?rest_route=\/wp\/v2\/types\/page"}],"author":[{"embeddable":true,"href":"https:\/\/buchverlag-reichel.de\/index.php?rest_route=\/wp\/v2\/users\/1"}],"replies":[{"embeddable":true,"href":"https:\/\/buchverlag-reichel.de\/index.php?rest_route=%2Fwp%2Fv2%2Fcomments&post=20"}],"version-history":[{"count":13,"href":"https:\/\/buchverlag-reichel.de\/index.php?rest_route=\/wp\/v2\/pages\/20\/revisions"}],"predecessor-version":[{"id":341,"href":"https:\/\/buchverlag-reichel.de\/index.php?rest_route=\/wp\/v2\/pages\/20\/revisions\/341"}],"wp:attachment":[{"href":"https:\/\/buchverlag-reichel.de\/index.php?rest_route=%2Fwp%2Fv2%2Fmedia&parent=20"}],"curies":[{"name":"wp","href":"https:\/\/api.w.org\/{rel}","templated":true}]}}

<p></p>



<div class="wp-block-columns has-2-columns is-layout-flex wp-container-core-columns-is-layout-9d6595d7 wp-block-columns-is-layout-flex">
<div class="wp-block-column is-layout-flow wp-block-column-is-layout-flow">
<p><strong>Buchverlag Lothar Reichel</strong><br>Quellenweg 16<br>97464 Oberwerrn</p>



<p>E-Mail: <a href="mailto:info@buchverlag-reichel.de">info[at]buchverlag-reichel.de</a></p>
</div>



<div class="wp-block-column is-layout-flow wp-block-column-is-layout-flow">
<div class="wp-block-atomic-blocks-ab-accordion ab-block-accordion ab-font-size-18"><details><summary class="ab-accordion-title"><strong>Buchbestellungen</strong></summary><div class="ab-accordion-text">
<p>Unsere Bücher erhalten Sie in jeder Buchhandlung. Sollte dies tatsächlich einmal nicht möglich sein, können Sie gerne eine Anfrage zur Buchbestellung an unseren Verlag richten.&nbsp;</p>
</div></details></div>



<div class="wp-block-atomic-blocks-ab-accordion ab-block-accordion ab-font-size-18"><details><summary class="ab-accordion-title"><strong>Barsortimente</strong></summary><div class="ab-accordion-text">
<p>Unsere Bücher werden über die Barsortimente von Umbreit und Libri vertrieben.</p>
</div></details></div>



<div class="wp-block-atomic-blocks-ab-accordion ab-block-accordion ab-font-size-18"><details><summary class="ab-accordion-title"><strong>Manuskripte</strong></summary><div class="ab-accordion-text">
<p>Aktuell haben wir leider keine Kapazitäten, fremde Texte zu veröffentlichen. Bitte sehen Sie daher davon ab, uns unaufgefordert Manuskripte zuzusenden.</p>
</div></details></div>



<p><br></p>
</div>
</div>



<p><a href="https://buchverlag-reichel.de/?page_id=158">Impressum</a></p>

<p>Buchverlag Lothar ReichelQuellenweg 1697464 Oberwerrn E-Mail: info[at]buchverlag-reichel.de Buchbestellungen Unsere Bücher erhalten Sie in jeder Buchhandlung. Sollte dies tatsächlich einmal nicht möglich sein, können Sie gerne eine Anfrage zur Buchbestellung an unseren Verlag richten.&nbsp; Barsortimente Unsere Bücher werden über die Barsortimente von Umbreit und Libri vertrieben. Manuskripte Aktuell haben wir leider keine Kapazitäten, fremde Texte zu &hellip;</p>

GlühweingiftBlacky und die Vergangenheit Schweinfurter…

GlühweingiftBlacky und die Vergangenheit Schweinfurter Kriminalroman 8220 Seiten, TaschenbuchISBN 978-3-947846-08-514,- EUR (D) Es ist Advent geworden in Schweinfurt. Auf dem Weihnachtsmarkt bricht eine Frau tot zusammen. Rasch verbreitet sich das Gerücht, sie sei an vergiftetem Glühwein gestorben. Nicht ganz unschuldig daran Sören Eckenstade, der übereifrige Volontär von Main-Radio Schweinfurt. Währenddessen wird…

Ähnlicher Beitrag

Die Morata-MordeLinda Morata ermittelt Schweinfurter Kriminalroman 11150 Seiten, TaschenbuchISBN 978-3-947846-11-512,- EUR (D) Eine bizarre Mordserie in Schweinfurt. Ein junges Mädchen, verkleidet als Weihnachtsengel, ist das erste Opfer. Am Neujahrsmorgen wird die zweite Leiche gefunden: ein alter Mann im Kostüm eines Kaminkehrers mit einem Marzipanschwein auf der Brust. Und am Dreikönigstag…

MondscheinsonateBlackys letzter Fall Schweinfurter Kriminalroman 10236 Seiten, TaschenbuchISBN 978-3-947846-10-814,- EUR (D) Kurz nach ihrer Ernennung zur Leiterin der Schweinfurter Mordkommission wird auf Kriminalhauptkommissarin Kerstin Weiß ein Anschlag verübt. Am gleichen Tag geschieht im Schweinfurter Theater ein bizarrer Mord. Der weltberühmte russische Pianist Swjatoslav G. Langowitz wird vor einem Konzertauftritt erstochen aufgefunden.…

HerbstzeitlosenBlacky blickt durch Schweinfurter Kriminalroman 6255 Seiten, TaschenbuchISBN 978-3-947846-06-114,- EUR (D) In Schweinfurt beginnt allmählich der Herbst, und Radiomoderator Christian „Blacky“ Schwarz hat es erneut mit einem kniffligen Fall zu tun. Der Leiter der Mordkommis­sion, Kriminalhauptkommissar Wolfram Bayer, und Kri­minaloberkommissarin Kerstin Weiß bitten ihn diskret um Mithilfe. Im Konferenzzentrum auf der…

Jetzt erhältlich:Die Morata-Morde - Linda…

Jetzt erhältlich:Die Morata-Morde - Linda Morata ermittelt Der 11. Band bringt eine neue Ermittlerin nach Schweinfurt... Mehr erfahren
